 - 16 - 4 = 0. Let n be (15/(-10))/(3/c). Calculate the greatest common divisor of n and 22.
2
Let s(n) = n + 1. Let z be s(2). Suppose 128 - z = 5*c. Suppose -p - 9 = -c. Calculate the highest common factor of 24 and p.
8
Let h be ((-1 - -39) + 2)/1. Let i = 7 - 4. Suppose -6 = -t + y, 8*t = i*t + y + 26. What is the greatest common divisor of h and t?
5
Let q(u) = u**3 + u + 24. Let p be q(0). What is the highest common divisor of p and 120?
24
Suppose -2*c + 5*z + 9 = 0, -3*c + 66 = 2*c + 2*z. What is the greatest common divisor of c and 6?
6
Let t = 35 - 24. Let n be (-5)/(63/33 + -2). What is the highest common factor of n and t?
11
Suppose 4*p - 8 = 0, -3*p = -2*k + 2*p + 42. Let j = k - 17. Suppose -b = 4*b - 90. What is the highest common factor of b and j?
9
Let i = -46 + 82. Suppose 0*l + 805 = 5*l. Let w be 14/42 + l/3. Calculate the highest common factor of w and i.
18
Suppose -f - 3 = 0, -5*k = 5*f - 20 - 665. Suppose c = -2*c + 90. Let m be ((-20)/30)/((-1)/c). What is the greatest common divisor of m and k?
20
Let o(u) = u**2 + 4*u + 1. Let p be o(-2). Let q be 8*(27/(-6))/p. What is the highest common factor of q and 24?
12
Let m(q) = -q**2 + 108. Let z be m(0). What is the greatest common factor of 12 and z?
12
Suppose -16*x = -15*x - 21. Calculate the highest common divisor of 3 and x.
3
Suppose -q = q - 2. Let a be (5 - -7) + (q - 3). What is the greatest common factor of 50 and a?
10
Let k be 0 + 4/(8/(-26)). Let h = k - -25. Calculate the greatest common divisor of h and 48.
12
Let q = 1 - -1. Let j = q + 0. Suppose 2 = 4*m - 2*m. What is the greatest common divisor of m and j?
1
Suppose 10 = -7*d + 12*d. Calculate the highest common factor of d and 10.
2
Suppose 3*q = -11 - 4, 4*x - 4 = 4*q. Let s = x + 6. Suppose s*g = 4*g - 80. Calculate the highest common divisor of 8 and g.
8
Let c(p) = -p**3 - p**2 + 2*p + 2. Suppose -4 = f - 0. Let l be c(f). Calculate the highest common divisor of 63 and l.
21
Suppose 3*f - 157 - 23 = 0. Let d be (4/3)/((-2)/21). Let c be (-2 - d)*5/4. Calculate the greatest common divisor of f and c.
15
Suppose -2*y - 100 = -6*y. What is the highest common divisor of y and 25?
25
Let s = 10 - -2. Calculate the highest common factor of 6 and s.
6
Let x be 6/5*(-30)/(-9). Suppose 20 = x*j + j. Let m = 3 + -2. What is the highest common divisor of j and m?
1
Let p be (-68)/3 + 3/(-9). Let x = p + 67. Suppose 3*w + 12 = 6*w. What is the greatest common divisor of w and x?
4
Let m(j) = -j**3 + 8*j**2 - 7*j - 9. Let x be m(7). Let g be (-3 + 1)/(1*-2). Let o be g - -7 - (6 + x). Calculate the highest common factor of 11 and o.
11
Let r = 30 - 12. What is the greatest common factor of 45 and r?
9
Let z be 28/(((-12)/(-27))/2). Suppose 4*p - 2*b - b = -110, -5*p - 2*b - z = 0. Let f = 36 + p. Calculate the greatest common divisor of f and 40.
10
Suppose -14*m = -16*m + 140. Suppose 0*w + w - 3*j - 31 = 0, -2*w = -2*j - 58. What is the highest common factor of m and w?
14
Suppose 5*z = 3*z + 40. Suppose -2*m + 23 = 3*d, -2*m - 17 = -0*m - 5*d. Calculate the greatest common factor of z and m.
4
Let z(k) = k**2 + k + 2. Let p be z(0). Suppose -d + 4 = p. Let w be 21/d*(-4)/(-6). What is the greatest common divisor of 77 and w?
7
Suppose 0 = -0*j + j - 3. Suppose 2*l + 2*l = -5*h, -3*l = -j*h - 27. Calculate the greatest common divisor of 55 and l.
5
Suppose 8*m - 651 = 5*m - 3*a, 5*m - 1078 = 2*a. What is the highest common divisor of m and 24?
24
Let b(w) = -w**3 + 7*w**2 - 8*w + 6. Let s be b(6). Let i be (s/18)/(2/(-12)). Let j be 54 + (-2)/(0 - i). Calculate the highest common factor of 22 and j.
11
Let d(m) = m**2 + 2*m + 4. Let x be d(-3). Let r(t) = 38 + 4 + t - t**3 - t. Let h be r(0). What is the highest common factor of x and h?
7
Suppose j - 3*c = 75, -116 - 34 = -2*j - 5*c. Suppose -3*g = -2*g - j. Calculate the greatest common divisor of g and 30.
15
Let r be (-4)/(-2)*108/24. What is the greatest common divisor of 9 and r?
9
Suppose -3*p = 2*p. Suppose p*u = 5*u - 270. What is the highest common factor of u and 6?
6
Let o be 18/((3/(-16))/1). Let l be (10/(-30))/(2/o). What is the highest common divisor of l and 96?
16
Let u = 1 - 0. Let g = u + 5. Let p be 80 + 2/g*0. Calculate the greatest common factor of 32 and p.
16
Let b be (-20)/(-3)*(-15)/(-10). What is the greatest common factor of 40 and b?
10
Let a = -6 - -26. Calculate the highest common factor of a and 30.
10
Let d = -8 + 13. Suppose 80 + 85 = d*y. Calculate the greatest common factor of 22 and y.
11
Let v(b) = b**3 - 7*b**2 + 8*b + 13. Let h be v(5). Let s(j) = -j + 8. Let f be s(6). What is the greatest common divisor of h and f?
1
Let m = 13 + -9. Suppose -3*p + 5 + 6 = -2*x, -28 = -4*x - m*p. Calculate the highest common divisor of 14 and x.
2
Let h(i) = 4*i**3 - i**2 - 3*i. Let n be h(3). Let j(a) = -4*a + 4*a - 3*a + 1. Let y be j(-3). What is the highest common factor of y and n?
10
Let q(v) = 5*v + 6. Let r(j) = -6*j - 6. Let t(a) = -4*q(a) - 3*r(a). Let w be t(-7). What is the greatest common divisor of 72 and w?
8
Suppose 5*c - 85 = -3*i + 8*i, -3*c - 2*i = -26. Let x be (-36)/(-3)*6/2. What is the greatest common factor of c and x?
12
Let x be 3*4/(-20)*-35. What is the highest common factor of 84 and x?
21
Let j(g) = 5*g + 1. Let z be j(4). Calculate the highest common factor of 42 and z.
21
Let a(h) = 3*h**2 + 1. Let t be a(2). Suppose -4*j = -8 - 44. Calculate the greatest common divisor of t and j.
13
Suppose -4*s + 77 = -203. Calculate the greatest common factor of s and 7.
7
Suppose -5*y + 0*a = -a - 33, 15 = -5*a. Let k be -2 + 3/(y/56). What is the highest common factor of k and 65?
13
Let y = -17 - -25. Let d(s) = -s**3 + 11*s**2 - 5*s + 1. Let r be d(y). What is the highest common factor of r and 17?
17
Suppose 4*j + g - 102 = 3*g, -25 = 5*g. Let x = j - -5. What is the greatest common divisor of x and 4?
4
Let i = 0 - -3. Suppose 109 = -i*r - 563. Let f = -147 - r. What is the highest common divisor of f and 7?
7
Let p = 23 - 6. Suppose -4*c - 4*n + 592 = 0, 2*n - 291 = -2*c - n. Calculate the highest common divisor of c and p.
17
Let r be (36/(-16))/((-1)/(-8)). Let w = r + 30. What is the highest common divisor of w and 6?
6
Suppose z - 3 = 7. Suppose -t = -z - 2. Calculate the highest common factor of 24 and t.
12
Suppose d = n + 29 - 294, -3*d - 267 = -n. Calculate the greatest common divisor of 24 and n.
24
Let t be ((-45)/(-10) - 4)/((-2)/(-68)). What is the highest common factor of 85 and t?
17
Let a(d) = d**2 - 8*d - 2. Let x be a(-8). Let z(o) = 4*o - 2. Let t be z(5). Calculate the highest common factor of t and x.
18
Let p = 94 - 88. What is the highest common factor of 138 and p?
6
Let y be (-2 + (-6)/(-4))*6. Let z be y/((-9)/12) - 1. Suppose -59 - 196 = -z*r. What is the greatest common divisor of 17 and r?
17
Let h(q) = 3*q**2 + 7*q + 2. Let u be h(-7). What is the highest common factor of u and 25?
25
Suppose 5 = u - 6. Let m = -55 + 88. Calculate the highest common factor of m and u.
11
Let i(g) = 8*g**3 - 4*g**2 + 4*g - 3. Let q be i(3). Calculate the highest common divisor of q and 21.
21
Let u = -142 - -149. What is the highest common factor of 21 and u?
7
Let a = 43 + -28. Calculate the highest common factor of a and 45.
15
Let i = 220 - 140. Let q be (-12 - 0)/((-9)/24). Calculate the greatest common factor of q and i.
16
Let n = -20 - -40. Let w be 20/(-6)*3/(-2). What is the greatest common factor of w and n?
5
Let c(l) = -l**3 - 5*l**2 + 2*l - 4. Let q(y) = 4*y. Let r be q(-2). Let z = 2 + r. Let v be c(z). Calculate the highest common factor of 160 and v.
20
Let q = 11 + 115. Calculate the greatest common divisor of q and 18.
18
Let c be 20/8*36/10. What is the greatest common factor of 9 and c?
9
Suppose u = -2, -3*u + u = -5*c + 24. Suppose -q + c*j + 12 = 3*q, -3*q + 15 = -j. What is the greatest common factor of 48 and q?
6
Let g(x) = -3 + x - 2*x + 5. Let y = 11 + -18. Let h be g(y). What is the highest common divisor of 63 and h?
9
Let s(j) = -j + 2. Let r be s(0). Suppose 3*z + 2 - 17 = 0. What is the greatest common factor of z and r?
1
Let r be (12/27)/((-6)/(-27)). What is the highest common factor of 3 and r?
1
Let o = 5 + 2. Let k = -8 - -6. Let r = k + o. Calculate t